7 - 4) + 30?
22
What is the value of -41 + 1 - (1664 + -1694)?
-10
-1 + (23 + -21 - (-1 - -1))
1
-10 + 17 + -9 - 11
-13
110 + -91 + (-39 - -8)
-12
40 + -36 + -9 + -1
-6
Calculate -23 + 3 - (22 - 9).
-33
What is the value of -23 + 6 - (1 - 6)?
-12
What is the value of -10 - (5 - (-6 - -6)) - (7 - 3)?
-19
Calculate (-7 - -1 - -16 - 6) + -3.
1
Calculate 8 + (-6 - (2 + 9 + -2)).
-7
-8 + 5 + (-4 - 4) + 5
-6
(13 - -2) + -12 - (2 + 4 - 3)
0
Calculate (7 - (3 + 3 + 1)) + -17 + 5.
-12
-8 - (6 + -19 - -14 - (1 + 5))
-3
What is the value of -57 + 61 + 5 + -3 + -12?
-6
9 - (34 - (-5 + 17)) - -6
-7
Calculate (-5 - (-27 - -12)) + -12.
-2
Evaluate 8 - 2 - (18 + -5 - -2).
-9
What is 26 + -38 + -5 + 30?
13
What is the value of 18 - 0 - (7 - (-10 - -12))?
13
What is 41 + (-42 - -36) + -64?
-29
Evaluate -41 - -47 - ((-6 - 0) + -9).
21
11 - 9 - (0 - 5 - 3)
10
What is -18 - (-2 - (-5 + 2 + 0 + 6))?
-13
-12 - -1 - (44 - (14 - -35))
-6
Evaluate 3 + 0 + 5 + -7 - -8 - 14.
-5
What is 4 + 21 + -58 + 21?
-12
What is the value of 24 + (-42 - -8 - -19)?
9
30 + -22 - (-1 - -12) - 6
-9
What is the value of (-44 - -52 - (0 + -15)) + (2 - 4)?
21
Evaluate (-19 + (-16 - -7) - -18) + -7.
-17
-6 - -1 - ((-5 - -9) + -9)
0
What is 4 - ((10 + 0 - 2) + 1 + 25)?
-30
What is 6 - (7 + -4 + (1 - 10))?
12
Calculate (-7 + -10 - 0) + 27 + -9.
1
What is 13 + (2 - (-15 + 7 + 3) - 2)?
18
Evaluate 2 + -3 + 7 - ((-2 - 8) + 23).
-7
Evaluate -16 - 2 - (-36 + 7).
11
Calculate -14 - (-5 + (-3 + -1 - (-10 + 5))).
-10
What is the value of 14 - 11 - (-12 - -2)?
13
Evaluate 45 + (116 + -124 - (11 - 2)).
28
Evaluate -7 - -37 - (22 - 28).
36
What is the value of 2 + 16 + (8 - (14 + -4))?
16
What is the value of -3 + 8 + (13 - 28 - 3)?
-13
Calculate -19 + 1 + (5 - -2) - (-1 - -2).
-12
Evaluate -6 - ((2 + 1 - -1) + (-15 - 2)).
7
Calculate 4 + -11 + 11 + -9 + -13.
-18
Calculate -8 + (6 - (-15 + 3 + 8)) - 23.
-21
Evaluate (27 - 15) + (-9 - -4) + 3.
10
Calculate (-3 - -8 - 2) + 275 + -282.
-4
12 - (5 + -1) - (24 + -1)
-15
What is (3 - 0) + (121 - 119)?
5
What is the value of (-1 - -4) + (-6 - (1 - -1)) + -10?
-15
What is (8 - 1) + -8 - (0 + -5) - -5?
9
Calculate 5 + (-5 - 1) - (1 + -21).
19
What is the value of (-2 - 2 - -1) + (-6 - 9) + 14?
-4
Calculate -7 - (-12 + 8) - (0 - 2 - -7).
-8
What is the value of 17 - (7 + 23 - 18)?
5
Evaluate 34 + -33 + -4 + -1.
-4
What is 11 - (4 - (5 - 9))?
3
2 + 4 - (-14 - (-41 - -25))
4
Evaluate -7 + 2 - ((7 - -18) + -16).
-14
Evaluate -7 + (-3 - (8 - 1)) - 14.
-31
What is the value of -19 - ((-8 - 15) + 9)?
-5
(-16 - (-22 + -5)) + -16
-5
Calculate (-3 - -4) + 14 + 8 - -4.
27
Evaluate (-94 - -101) + (-3 - -4).
8
Evaluate 1 + 8 + (-3 - 11) + -9.
-14
Calculate (-5 - -1 - (32 - 18)) + -9.
-27
Evaluate (0 - 1) + ((2 - -4) + -10 - -7).
2
Evaluate -10 + 14 + -4 - (11 - (9 - -1)).
-1
What is the value of 1 + 7 - (1 - -17 - -25)?
-35
What is the value of 0 + -4 + 0 + 2 - -3 - -2?
3
What is the value of 5 + (18 - (-4 + -2)) + 6 + -9?
26
What is 25 + (-12 - -5) + 4 + -9?
13
-11 - 26 - (15 + -61)
9
What is (-8 - (-1 + 3)) + 21?
11
What is 3 + 3 - (271 - 258 - (-12 + 1))?
-18
What is 8 + 3 + (4 - -3) + (5 - 4)?
19
What is -11 - (-1 + 6 + -35 + 35)?
-16
What is the value of 8 - (2 - -9) - (-15 - -3)?
9
What is the value of (4 - 13) + (24 - 26 - -4)?
-7
Calculate (2 - 23) + (-124 - -135).
-10
Calculate 2 + 3 + (-3 - -1) + -7 + -7.
-11
Calculate ((0 - -2) + 14 - 26) + -2.
-12
What is -3 + 4 + (-3 - -1) + -24 + 6?
-19
What is the value of -8 + -29 + 27 + 13?
3
What is the value of (25 - (5 + -1) - 2) + (-58 - -67)?
28
What is the value of (1 - (-1 + -6) - (98 - 78)) + 3?
-9
What is the value of 5 - ((18 - 9) + 3)?
-7
What is the value of -3 - (3 - 4) - 0?
-2
Calculate 2 + 0 + -15 - (2177 - 2172).
-18
Calculate 0 + 12 + -15 - (-4 + 10).
-9
What is the value of -5 + 5 + -7 + -21 + 10 - 4?
-22
Calculate 27 + -6 + (12 + -1 - 19).
13
What is the value of (20 + -8 - 0) + -13 + 19?
18
What is the value of (-42 - -54) + (-5 - 4)?
3
What is -1 + -2 - (10 + -15 + 9)?
-7
Calculate 395 - 425 - (-19 - 0).
-11
(0 + 3 + 7 + 4 - -4) + 5
23
What is 8 + (-23 - -19) + -7?
-3
What is 98 + -79 + (-13 - 2)?
4
-7 + -1 + -4 + -10 + 18 + 2
-2
(-14 - -8) + 6 + 2 + -14 + 2
-10
Evaluate (0 - -7) + (-1409 - -1400).
-2
Calculate -45 + 10 + (-2 - -26).
-11
Calculate (-1 - 8) + (-11 - (-8 - -4 - 19)).
3
What is the value of 2 - (-4 - (-18 - -12 - 2))?
-2
(2 - (4 - -8)) + -58 + 63 + -3
-8
Calculate 12 - -3 - (206 - 186).
-5
What is the value of -1 + 15 - 17 - -5 - 5?
-3
Calculate -6 + 1 + 9 - (5 + 3).
-4
-2 + (-2 - 0 - -3) + -144 + 139
-6
-5 + 10 + 4 + -1 + 1
9
Evaluate -38 + 57 + 5 + 1 + -16.
9
What is (38 - (75 + -22)) + (1 - 13)?
-27
39 - (-10 - -38) - -2
13
Evaluate 31 + (-36 - 4) + 19.
10
(42 - (-5 - 1)) + -19
29
-3 + 0 + -2 + 5 + -1 + -16
-17
What is the value of (-69 - (-16 + -24)) + 10?
-19
Calculate -33 - (-41 + 67 + -29).
-30
What is the value of (1 - 0) + 3 + (13 - (4 - 7))?
20
Calculate 122 + -105 - (7 - 12).
22
Evaluate -10 + -4 + -12 - -26.
0
(-13 - 1) + (636 - 622)
0
(13 - 0) + 1 + -23 + 15
6
6 - (-12 + 18 + -8)
8
Evaluate -10 + -8 + -5 + 9.
-14
Evaluate (-2 - 3 - -2) + 9 - 6.
0
-5 - (-15 + (-1 - -18))
-7
Calculate (-1 + 0 - 5 - (124 - 116)) + -1.
-15
15 + 2 + (-4 - (-6 + -3 + 3))
19
What is the value of (-9 - -4) + 8 - (0 - (3 - -1))?
7
What is the value of 13 - ((19 - -2) + -19) - (-1 + -2)?
14
What is the value of (18 + -14 - 18) + 13 - -1?
0
What is 62 + (-119 - -37) + (0 - (0 - -2))?
-22
Evaluate 1 - -12 - (8 - (24 - 25)).
4
What is the value of -16 + -10 + (11 - 3 - 3) - -8?
-13
What is -3 + 1 - (-5 - (24 + -1 + -14))?
12
What is the value of -1 + (-2 - -1 - -11) + -7?
2
What is the value of 24 + -2 + -28 + 0 + 3?
-3
Calculate (-20 - -8) + 26 + 2 + 3.
19
Calculate 15 + 7 + -2 - 34.
-14
What is the value of (-20 - (9 - 32)) + (5 + 0 - -2)?
10
Evaluate (2 + 1 - 20) + (0 - -9).
-8
Calculate (2 - -30) + -14 + -39.
-21
Calculate (-20 - (-58 - -7)) + -9.
22
Calculate -10 + (7 - -2) - (4 + -10).
5
What is the value of 0 - (-3 + (17 + 0 - 7))?
-7
What is the value of 0 + 5 - (1 - (1 - 2 - 0))?
3
Evaluate 26 + -17 + (-5 - -8).
12
What is the value of 13 + (-6 - -5 - (9 - 5)) + -6?
2
What is the value of 10 - 9 - (-7 - (-9 + 14))?
13
23 + -36 - (-28 - -2)
13
Evaluate -7 + 5 + -10 + (2 - -9).
-1
What is the value of (28 - 24 - 14) + -9?
-19
Evaluate 5 + (2 - -7) + -47.
-33
0 - (0 + -2 + 5 + (1 - 1))
-3
What is -10 + (-50 - -65) + (1 - 34)?
-28
-327 + 342 + -12 + 2
5
6 - (-9 + 22 - 12)
5
(-6 + -17 - -11) + 13
1
What is the value of -59 + (-2 - (-38 + 3))?
-26
Calculate (15 + -28 - 1) + 8.
-6
Evaluate 8 + 7 + (4 - 14).
5
Evaluate 162 + -175 - (-17 - 1).
5
Calculate 25 + (-3 - 11) + (3 - -21) + -2.
33
Calculate 4 - (-11 - -18) - -27.
24
-29 - -20 - -25 - 22
-6
What is the value of 3 + 29 + (15 - 35)?
12
Evaluate 76 - 83 - (-6 + (0 - -1)).
-2
What is (11 + -8 - (2 + 0 + -6)) + 2?
9
What is the value of 35 - ((22 - -17) + -36)?
32
Calculate 353 - 348 - (9 + 2).
-6
What is the value of 0 - (4 - 10) - (-1 - 1 - -18)?
-10
What is -1 + (9 + -19 - -27) - 4 - 5?
7
What is -22 - -19 - (0 + -11) - (22 + -48)?
34
(10 + -5 - 5 - -6) + 0 + -13
-7
What is the value of 29 - 12 - (17 - 7)?
7
What is the value of (16 - 9) + -3 + -2 + 6?
8
What is the value of 1 + 3 - (158 - 147)?
-7
(11 - (-2 + 9)) + -5
-1
What is the value of (-1 + 14 - 16) + -13 + 28?
12
-1 - 9 - (13 + (-44 + 8 - -2))
11
18 + -30 + 40 + (-5 - -11)
34
8 - (-5 + -2 + 12 + 4 + 3)
-4
(-285 - -294) + 0 + -20 - -11
0
-6 - (-11 + 3 - (0 + 0)) - -6
8
What is (-39 - -19) + 18 + 4 + -1 + 3?
4
What is the value of 4 + -4 + 2 + -5 + 3 - -5?
5
What is -7 - (-2 - ((0 - 4 - -6) + 4))?
1
Evaluate 4 - -17 - (5 - -7).
9
What is (11 + -1 - (20 + 2)) + 25?
13
Evaluate (-18 - -23 - -7) + -26 + 10.
-4
Evaluate ((-5 - -6) + 1 - 5) + -22 + 17.
-8
Evaluate -13 + (15 - (17 + -3)) + 1.
-11
-13 + 6 + 22 - (7 + -13)
21
What is -13 + -2 + (-24 - (-34 + 21))?
-26
Calculate (-238 + 222 - (1 + -11)) + 1 + 29.
24
Evaluate -12 + -21 + (26 - 14) + 34.
13
What is the value of -10 - ((-3 - -5) + (9 - 3))?
-18
What is the value of -6 + 1 + (80 - 78)?
-3
What is 1 - -2 - (7 + (13 - 8))?
-9
Calculate 14 - (16 - 7) - (-14 + 9 + 7).
3
What is the value of (2 - -10) + (2 - 5) + -15?
-6
Calculate -14 - ((6